g) = -29*g**3 - 6*g**2 + 35*g - 350. What is the units digit of y(-11)?
8
Let a = -69 - -229. Suppose 3*n + 3 - 9 = 0. Suppose -n*p = -p - a. What is the tens digit of p?
6
Let f = 4712 + -4107. What is the tens digit of f?
0
Suppose -4496915 = -84*t + 3793707 - 2339138. What is the thousands digit of t?
0
Let y = -5785 + 9741. What is the thousands digit of y?
3
Let u(f) = 1402*f. Let j be u(-9). What is the hundreds digit of j/(-54) - 10/6?
2
Suppose 60*x + 656636 = 2048516. What is the ten thousands digit of x?
2
Let z = -156 - -154. What is the tens digit of (1 - 3) + 401*z/(-2)?
9
Let t(x) = -x**2 - 14*x - 15. Let r be t(-12). Let b(u) = 4*u**2 - 23*u + 93. What is the tens digit of b(r)?
1
Suppose 0 = -g + m + 28562 - 2760, 2*g = -m + 51583. What is the units digit of g?
5
Let i = 79 - 76. Let g be (i + (-986)/6)*(-3)/2. Let l = g - 133. What is the tens digit of l?
0
Suppose -3*u + 8313 = 4*q, 2*q - 5*q + 6251 = -u. Suppose 633 = 3*v + 4*k - 1452, -5*k = 3*v - q. What is the hundreds digit of v?
6
Suppose -4*n - 3*p = -2*p + 2, 0 = -n - p - 2. Suppose 16*r - 15*r + 262 = n. Let k = -87 - r. What is the units digit of k?
5
Suppose 398 + 14804 = y + 2*v, -3*y + 45617 = -5*v. Suppose -32*j = -4*j - y. What is the tens digit of j?
4
Suppose -84 - 420 = -4*z. Suppose 0 = u - 2*p + 78 + 12, 2*p = 2*u + 176. Let v = u + z. What is the units digit of v?
0
Suppose 3*x - 16 - 29 = 0. Let y be -9*(-10)/x*27. Suppose d = 3*d - y. What is the units digit of d?
1
Let a be (-7)/49 - (-116)/28. Suppose -s - 2*w + 42 = -113, -a*s = -w - 611. What is the units digit of s?
3
Suppose 10*i + 1664 - 4124 = 0. Suppose -r + 272 + i = 0. Suppose 3*h - 3*f - 207 - 195 = 0, -r = -4*h - 5*f. What is the units digit of h?
2
Let x = 9321 - -24011. What is the hundreds digit of x?
3
Let r(s) = -s. Let i be r(-3). Suppose 0 = -3*n + c + 44, -i*c + 57 = 4*n + 7. What is the tens digit of 7/49 - (-558)/n?
4
What is the tens digit of (-28)/4 - (-2160)/12?
7
Let j(z) = 70*z + 269. Let n be j(-20). Let u = 2375 + n. What is the tens digit of u?
4
Let l(r) = 5*r**3 - 5*r**2 + 7*r + 11. Let x be l(5). Suppose 0 = -2*z + 6 + x. What is the units digit of z?
6
Suppose 281*m - 285*m + 2*g = -41426, -5*m = g - 51786. What is the hundreds digit of m?
3
Let a(g) = -22 - 5*g + 126 - 188*g**2 + 189*g**2. What is the units digit of a(0)?
4
Let s(v) = v**3 - 14*v**2 - v - 37. Let h = 52 + -37. Let d be s(h). Let r = d + -121. What is the tens digit of r?
5
Let x(u) = -u**3 + 37*u**2 + 79*u - 23. Let v be x(39). Let z = 1831 - v. What is the tens digit of z?
1
Let g = 30149 - 18986. What is the units digit of g?
3
Let s(p) = -70*p - 85. Let o = -270 + 259. What is the units digit of s(o)?
5
Let t(w) = -30*w**3 - 8*w**2 + 37*w + 108. What is the units digit of t(-8)?
0
What is the ten thousands digit of (-21)/336*-8588*28?
1
Let d(f) be the first derivative of 7*f**2 + 2*f - 39. What is the tens digit of d(16)?
2
Suppose -5*q + 3*h + 258 = 0, 5*q = 5*h - 3*h + 262. Let f(t) = 7*t - 24. Let r be f(3). What is the units digit of ((-18)/4)/(r/q)?
1
Let j(t) = 273*t - 278*t + 317*t. What is the tens digit of j(1)?
1
Let q be ((-1084)/(-4) - 2) + 0. Suppose 2*c - c - 556 = 0. Suppose q + c = 5*p. What is the units digit of p?
5
Let i(t) = t**3 - 8*t**2 + 15*t + 3. Let o be i(4). Let g be o/5 - (-2822)/10. Suppose 3*r - g = 27. What is the tens digit of r?
0
Suppose 3*j = 2*j - 3*q + 671, -j - 2*q = -669. Suppose -3545 + j = -4*n. What is the units digit of n?
0
Suppose 5457 = 2*x - 2*a - 293, -2*x + 5714 = 4*a. What is the tens digit of x?
6
Let o(s) be the first derivative of s**4/4 + 10*s**3/3 - 5*s**2/2 - 9*s - 2. Let k = -158 + 153. What is the tens digit of o(k)?
4
Let i(q) = 17*q. Let t be i(0). Suppose t = 3*b - 146 - 16. What is the tens digit of b?
5
Let p(d) = -23 + 55*d + 65 - 27 - 25 + 4*d**2. What is the hundreds digit of p(9)?
8
Suppose 16*i - 121984 = -48384. What is the hundreds digit of i?
6
Let x(u) = 41*u**2 + 2*u - 1. Let a(i) = 40*i**2 + 2*i - 2. Let m(h) = 2*a(h) - 3*x(h). Let q be m(-1). What is the tens digit of 1/(2/(q/(-1)))?
2
Suppose -73*x + 2960 = 17*x - 16*x. What is the tens digit of x?
4
Suppose -g + 7460 = 3*a + 1221, 3*a + 12433 = 2*g. What is the hundreds digit of g?
2
Suppose 8*t = 9*t - l, t - 3*l = 0. Suppose 990 = 2*c - o, -5*c + 3*c - 4*o + 1000 = t. What is the tens digit of c?
9
Let w(s) be the first derivative of 13*s**2 + 7*s + 3. Suppose -u = -3*d - 8, -12*u + 3*d = -8*u - 14. What is the units digit of w(u)?
9
Let b = 12740 + -6385. What is the units digit of b?
5
Let i be (-6 - -5)*(-20 - -1). Suppose b = 5*p + 10, -2*p = 4*b - p - i. Suppose -2*l + b = -3*l - 5*d, 4*d = 3*l - 80. What is the tens digit of l?
2
Suppose 0 = -a + 4*a - 2*k - 230, 0 = k - 5. Let y = a + -82. What is the tens digit of 5/(-1) + 104 + y?
9
Suppose 0 = 5*t - 5*v - 15, -2*t = 2*v - v - 9. Suppose -2*f - 12 = 3*k, 0*f + 12 = -t*k - 4*f. Let c(o) = -11*o - 28. What is the units digit of c(k)?
8
Let p be 1/(-4 - 65/(-15)). What is the units digit of (-443)/p*(5 + -8)?
3
Suppose -4*i - 5*p + 12 = -2, -p - 8 = -i. What is the tens digit of -190*(-7)/(-14)*i/(-5)?
1
Let c be ((60/9)/(-10))/(4/(-30)). Suppose 2*p + 117 = l + 958, -3*l = -c*p + 2105. What is the units digit of p?
8
Let p = -2644 - -2650. Suppose -5*a + 20 = 0, z - a = 41 - 14. What is the units digit of (4/6*z)/(p/9)?
1
Suppose -54*v + 62*v = 1656. Suppose -v*o + 16995 = -196*o. What is the thousands digit of o?
1
Suppose 0 = 53*s - 78*s + 1324300. What is the tens digit of s?
7
Suppose 9*s = 4*s - 20. What is the tens digit of 2 - -442 - (s - 1)?
4
Let r be (-1 + -7)*(-52 - -3). Suppose 0 = -20*z + 21*z - r. What is the units digit of z?
2
Let z(y) = -y - 11. Let k be z(-17). Let t(x) = x**2 - x - 20. Let c be t(k). Suppose c*v = 57 + 1253. What is the hundreds digit of v?
1
What is the tens digit of -2 + (-24530)/(-6) + 77/21 + -4?
8
Let v be (-1 + (-3)/(-2))/(13/(-70694)). Let j be v/(-6) - (-5)/(-30). What is the hundreds digit of j/2 + 0 - (-210)/140?
2
Let w(a) be the third derivative of -17*a**4/12 - 17*a**3/6 + 4*a**2 + 10*a. What is the hundreds digit of w(-4)?
1
Let k = -1054 - -1100. Suppose 0 = 3*r + 3*w - 9, r - 5*r - 5*w = -13. Suppose -r*o + k = -58. What is the tens digit of o?
5
Let f(p) = p + 28. Let r be f(-12). What is the units digit of (15 - (1 + 0))/(r/32)?
8
Let s(k) = -69*k**3 - 8*k**2 + 3*k + 6. What is the thousands digit of s(-6)?
4
Suppose -70 - 2 = n. Let a be (104/(-10) - 0)*(-1620)/n. Let p = -76 - a. What is the tens digit of p?
5
Suppose 0 = 2*i - 2*k - 48074, 706*k = 704*k - 4. What is the thousands digit of i?
4
Let j be (-3234)/(-9) - 18/(-27). Suppose -2*k + 12 = 2*o, 4*k + 8*o = 3*o + 26. Suppose 10*v = k*v + j. What is the units digit of v?
0
Suppose 21548 = 40*f - 36*f. What is the thousands digit of f?
5
Suppose -6086062 = -77*d - 2395606. What is the thousands digit of d?
7
Suppose 167*j - 365461 = 1248997 + 825078. What is the hundreds digit of j?
6
Let l be (-18)/27 - (-92)/12. Let b(w) = -w**3 + 9*w**2 - 4*w - 9. What is the units digit of b(l)?
1
Let l be -5 + (28 - 12/3). Suppose l*y - 2530 = -4*y. What is the hundreds digit of y?
1
Let l be 0/((-6)/(-12) + 6/4). Suppose 3*b + 3*t - 1 - 17 = l, -4*b + 3*t = -10. Suppose b*w + 0*w = 172. What is the units digit of w?
3
Let s be -2*(-3)/6*2. Let h be 14 - (4 - (s + 0)). Let m = -4 + h. What is the units digit of m?
8
Suppose 26928 = -450*f + 453*f - 16431. What is the units digit of f?
3
Let x = -745 + 748. Suppose 83 = 3*q - 3*c - 316, 4*c + 403 = x*q. What is the hundreds digit of q?
1
Let b(h) = -2819*h - 875. What is the thousands digit of b(-2)?
4
Suppose -5280471 - 1611244 = -425*n + 1043885. What is the hundreds digit of n?
6
Let x(w) = w**3 - 10*w**2 + 5*w + 5. Let d be x(10). Let f = 58 - d. Suppose h + s = -0*h + 225, -3*h + 669 = -f*s. What is the tens digit of h?
2
Suppose 2*d + 236 = -3*z, -3*z - z = -2*d - 264. Let a be -4 + -2 + d/4. Let f = 83 + a. What is the tens digit of f?
4
Suppose h - 5*h - 18268 = -2*v, 9130 = v - 4*h. What is the tens digit of v?
3
Let b be (-1 + -3)/4*-2. Suppose -b*n - 26 = -n. Let q = -21 - n. What is the units digit of q?
5
Suppose -376605 = 52*a + 2111. What is the 